ppose 4*b + 52 = -0*c + 4*c, 20 = -4*b. Let l = -14 + c. Let j(t) be the second derivative of t**5/20 + t**4/2 + 3*t**2/2 - 7*t. Determine j(l).
3
Let w(o) = -o**3 + 4*o**2 - 3*o. Suppose -y + 1 = 2*g - 2, -4*y + 17 = 3*g. Let k(s) = 7*s + 1. Let f be k(g). Let i be (2/f)/(4/(-24)). Give w(i).
2
Let p(b) = 1 - 3 - 3 + 0*b - b. Give p(-5).
0
Let g(y) = 3*y**3 + 2 - 4*y**3 + 0*y**3 - 2*y**2 - y. Let u be (-2 - -1)/((-2)/(-4)). Let i be -3 + 5 + u + -2. Calculate g(i).
4
Let i = 0 + 2. Suppose i*s = -s + 9. Let t(h) = 5*h**2 + 0 - h**s + 1 + 0. Give t(5).
1
Let a(k) = 4 - 4*k**2 + 5*k**2 + 0*k**2 + 7*k. Suppose -3*n + n = 4. Let f be (-1)/n*(-10 - -2). What is a(f)?
-8
Let r be -4 + (0 - (-6 - -3)). Let u(n) = 5*n**2 + 1. What is u(r)?
6
Let v(x) = x**3 + 5*x**2 - x - 3. Let c(w) = -3*w + 4. Let f be c(3). Give v(f).
2
Let s(l) = l. Let u(y) = -3*y. Let p(m) = 4*s(m) + u(m). What is p(-7)?
-7
Let d(w) = -w**3 + 4*w**2 - 2*w - 4. Let i be d(3). Let s(k) be the second derivative of -4*k**3/3 - k. Give s(i).
8
Let p(d) be the second derivative of -d**7/2520 - d**6/720 - d**5/40 + d**4/4 - 3*d. Let a(n) be the third derivative of p(n). Calculate a(-3).
-9
Suppose 9 = -2*o + 3*o. Suppose 0 = p - 4*a + 16, 0*p = -3*p - a - o. Let l be (2/p)/((-6)/(-12)). Let d(s) = -10*s**2 - s. Calculate d(l).
-9
Let b be 1/2 + 18/4. Let o(i) = i - 3. Let h be o(b). Let d(k) = -7 + k**3 - 6*k**h + 9*k - 14*k + 2*k**2. Give d(5).
-7
Let d(k) = 5*k**2 - 2*k + 3. Let f = -7 - -13. Let y(i) = -11*i**2 + 4*i - 7. Let w(j) = f*y(j) + 13*d(j). Calculate w(-3).
-6
Let m(x) be the first derivative of x**4/6 + x**3/6 - x**2 - 6. Let f(w) be the second derivative of m(w). Give f(-3).
-11
Suppose -2*d - 2*d = -3*x - 14, -23 = 3*x + 5*d. Let o be 1 - (1 - 10)/(-3). Let l(b) = -b - 9. Let h(j) = -2*j - 17. Let v(z) = o*h(z) + 5*l(z). What is v(x)?
-5
Let s = 42 - 44. Let r(g) = g**3 + 3*g**2 - 2*g - 2. Give r(s).
6
Let r(a) = 22*a - 33. Let o(c) = -c + 1. Let v(g) = -33*o(g) - r(g). Determine v(-1).
-11
Let j(h) = -3*h - 1. Suppose 1 = -8*v + 17. What is j(v)?
-7
Let k(b) = -5*b + 11. Let p(c) = 8*c - 16. Let f(q) = -7*k(q) - 5*p(q). Let o be (-82)/(-8) - (-4)/(-16). Let l be (-14)/(-5) + 2/o. Calculate f(l).
-12
Let i(f) = f**3 + 2*f**2 + f + 2. Suppose 3*s + 2*v - 1 = 0, 5*s + 5 = 3*v - 5*v. What is i(s)?
-10
Let j(z) be the third derivative of z**5/20 + z**4/8 + z**3/2 - 2*z**2. Suppose 2*y - 16 = 4*w, 5*y + 3*w - 8 = -33. Determine j(y).
9
Suppose 3*j = 7*j - 20. Suppose 5*v + 5 + j = 0. Let z(d) = -4*d - 4*d**2 + 2*d - d**3 - 3*d - 3 + d. Calculate z(v).
-3
Let l(y) = -y**3 + 3*y**2 - y - 2. Let j(k) = -k**2 + 2. Let c be j(-2). Let o = c - -4. Give l(o).
0
Let s be -2*(-4)/(-10) + (-77)/35. Let a(l) = 1 + 0 - 1 - 3 - l**3 - 4*l**2 - l. Determine a(s).
-9
Suppose -4*v - 3*b = -b, 2*v + 4 = -2*b. Suppose o = -v*o + 3. Let u(m) = -m**3 + m. What is u(o)?
0
Let l be 4/2*(5 + -3). Let n(m) = -5*m + 1 + 4*m + l*m. Let y(j) = -2*j**2 - 4*j - 2. Let d be y(-2). What is n(d)?
-5
Let x(a) = -2*a**2 + a**2 - 1 + 1 - 6*a. Determine x(-5).
5
Let u be (-2)/(-3)*(2 + 1). Let v be 4/(u/1) + 3. Let d(q) be the second derivative of q**3/6 - 2*q. Give d(v).
5
Let q(j) = 4*j**2. Let m be q(-1). Suppose 0 = 4*a + m*u + 4, 0 = -4*a - u - 5 - 5. Let x(c) = c**3 + 2*c**2 - 4*c. Determine x(a).
3
Let v(y) = -y**3 - 7*y**2 + 7. Suppose -12 + 5 = z. What is v(z)?
7
Let s be 1/(-4) + (-9)/12. Let w(g) = -4*g**2 + 3 + 7*g**2 - 5*g**2 - 4 - g. Give w(s).
-2
Suppose -4*y + 18 = 3*k, 0 = -0*y + y - 2*k - 10. Let i(q) be the third derivative of -q**5/60 + q**4/4 + q**3 + q**2. What is i(y)?
6
Let p(h) be the second derivative of h**5/20 - h**4/3 - h**2/2 + h. What is p(4)?
-1
Suppose -8*v + 4*v = 0. Let s(w) = w**3 + w**2 - w + 11. What is s(v)?
11
Let w(n) = 0*n**3 + 5*n**2 + 2*n + 3 - 4*n - n**3. Suppose 0 = 15*i - 10*i - 20. Determine w(i).
11
Let y(z) = -z**2 + 7*z - 4. Let l = -4 - -21. Let i = l + -12. Calculate y(i).
6
Let o(c) = -3*c**3 - 3*c**2 - 2*c + 5. Let u(x) = -x**3 - x**2 - x + 2. Let h(j) = -4*o(j) + 11*u(j). Determine h(2).
8
Let i(b) = b**3 - 8*b**2 + 7*b + 2. Let f be i(7). Let g(p) = -2*p + 0*p**2 + p**2 - 6*p**f + p. Determine g(1).
-6
Suppose -4*q + t + 15 = 0, 14 + 8 = 5*q + 2*t. Let l(d) be the first derivative of -d**4/4 + d**3 + 3*d**2 - 4*d - 2. Determine l(q).
4
Let a = -2 + 5. Suppose a*z - 4 + 1 = 0. Let u(y) = 7*y**3 + y**2 - 2*y + 1. Calculate u(z).
7
Let c = -86 + 84. Let d(p) = -6*p + 2 + 3*p - 1. Determine d(c).
7
Let j(o) be the third derivative of 0 - 4*o**2 + 1/6*o**4 - 1/60*o**5 + 0*o + 5/6*o**3. What is j(4)?
5
Let p(r) be the second derivative of r**5/20 + r**4/2 + 2*r**3/3 - 7*r**2/2 + 32*r. Determine p(-5).
-2
Let g(l) = 3*l + 14. Let j be g(-7). Let k(x) = 2*x - 6. Give k(j).
-20
Let h = 39 + -37. Let d(n) = -3*n**3 + 3*n**2 - n. Calculate d(h).
-14
Suppose 0 = 5*i + 3*z + 1, -3*i + 4*z = 6 + 12. Let h(g) be the first derivative of -2*g - 2. Let a(x) = -x**2 - x. Let k(u) = a(u) + h(u). Determine k(i).
-4
Let v be (-153)/(-15) + (-1)/5. Suppose 3*x = 8*x - v. Let i(z) = z + 2 - 4*z - 1 - 2. Give i(x).
-7
Let g(s) = -4 - 323*s**2 - 7*s + 2 + 324*s**2. Calculate g(8).
6
Let q(m) = -2*m**2 - 40*m - 46. Let r be q(-19). Let n(j) = -j - 2. Give n(r).
6
Let l(y) = -y**3 + 3*y**2 + 6*y + 5. Let h(w) = w**3 - 7*w**2 + 2*w - 9. Let g be h(7). Determine l(g).
-15
Suppose -5*g = -2*g - 6. Let u(j) = 5 - 8*j + 5*j + 5*j - j**g. Determine u(4).
-3
Let u(f) = f**3 + f**2 - 5*f. Let s(x) = 4*x**3 + 5*x**2 - 21*x + 1. Let c(j) = -2*s(j) + 9*u(j). Calculate c(-2).
-8
Let w = 143/2 + -71. Let p(i) be the first derivative of 1/3*i**3 + w*i**2 - 1 + 6*i. What is p(0)?
6
Let r be 5/25*(-10)/(-2). Let j be ((-8)/2)/(-4)*r. Let p(l) = -9*l - 1. Calculate p(j).
-10
Let g(x) = -x**3 - 3*x**2 - 2*x - 1. Let i = -22 - -26. Suppose -4*z + 3 = -9*j + i*j, 4*j + 15 = -z. What is g(j)?
5
Let v = -2 - -1. Let b(w) be the third derivative of 0*w + 0*w**3 - 1/12*w**4 - 4*w**2 + 0. What is b(v)?
2
Let j(n) = -n + 4. Let f = -6 - -6. Suppose o - 4*a - 11 = f, 0*o + a = 3*o + 11. Calculate j(o).
9
Let o(c) = -3*c + c**2 + 1 - 9 + 6. Let w = -2 - 0. Give o(w).
8
Let p(x) = -4*x**2 - 6*x - 3. Let o be 40/(-6) + 2/3. Let w(i) = -3*i**2 - 5*i - 2. Let c(r) = o*w(r) + 4*p(r). Let y be ((-2)/1)/((-1)/(-2)). Determine c(y).
8
Let y(o) = 6 - o**3 - o**2 - 5*o**2 + o**2 + o - 8. What is y(-5)?
-7
Let t = 3 - 6. Let u(j) = -j**2 + j - 1. Let k(z) = -1 - 3*z + 9 - 2*z + 7*z**2. Let n(i) = -k(i) - 6*u(i). What is n(t)?
-8
Let w(s) = -5*s + 23. Suppose -5*q - 8 - 32 = 0. Let v(u) = -3*u + 15. Let m(p) = q*v(p) + 5*w(p). Let y = 1 + -6. Calculate m(y).
0
Suppose 18 = -3*f + 2*f + 4*u, -f + 5*u = 22. Suppose -5*q = -1 - 4. Let d(k) = 0*k - 4*k - q + 2. What is d(f)?
9
Let c(k) = k**3 - k**2 + k + 3. Let f = 9 + -5. Suppose 5*n + f*h + 3 = -1, -4*n + 2 = -2*h. Calculate c(n).
3
Let i(w) = w - 3. Let h(s) = -s**3 - 4*s**2 + 2*s - 10. Let d be h(-5). Calculate i(d).
2
Let g(k) = 0*k**2 - k**2 - 3*k**3 - 1 + 2*k + 0*k. Let t = -12 + 22. Suppose 0 = 2*n + 3*x - 17, 2*n - 3*x + 3 = -t. Give g(n).
-3
Suppose 5*w + 4*u - 17 = 3*u, -4*u + 5 = -w. Let m(n) = 1 - 5*n - w - n**2 + n + 5*n. Determine m(0).
-2
Let u(q) = 2 - 3 - 2 - 705*q - q**3 - 4*q**2 + 701*q. Determine u(-3).
0
Let p(d) be the second derivative of d**5/20 + d**4/3 - d**3/6 - d**2 - 3*d. Let o(q) = 11*q + 1. Let k be o(1). Let t be 8/k*(-18)/4. Determine p(t).
10
Let h(r) be the third derivative of r**4/24 - r**3 - 15*r**2. Determine h(6).
0
Suppose -3*n + 5*n - 2 = 0. Let i be (10/(-6))/(n/3). Let x(t) = t**3 + t**2 - t - 2. Let b(w) = -w**3 + 2. Let d(c) = i*x(c) - 6*b(c). Determine d(4).
2
Let j(c) = -c**3 + c**2 - c + 1. Let z(u) = -5*u - 27 - 5*u**3 + 29 - u. Let w(d) = 4*j(d) - z(d). Calculate w(-2).
6
Let n(t) = -2*t**2 - 5*t - 5. Let i(d) = -3*d**2 - 5*d - 6. Let u(j) = -3*i(j) + 4*n(j). Let g be u(5). Let c = g - -5. Let k(z) = -z + 3. What is k(c)?
0
Suppose g - 4*f + 12 = 2*g, -3*g = -4*f - 52. Suppose 2*b = -2*b + g. Let d(n) = -5*n + n + 2*n**2 - n**2. Determine d(b).
0
Suppose 0 = -s + 2 - 3. Let h(y) = -4*y**3 - 6*y**2 + 6*y - 8. Let z(c) = -c**3 - 1. Let j(a) = s*h(a) + 5*z(a). Calculate j(5).
-2
Let k be (0 + -2)/((-3)/12). Let w = -3 + 